*2. Let x be k(1). Let y be (-36)/15*x/(-6). What is the greatest common factor of y and g?
5
Suppose -3*b + 5*f = 2*f - 3, 21 = 5*b + 3*f. Let y be (1 - 10)*1/(-3) - 3. Suppose b*q - 52 + 19 = y. What is the highest common divisor of 99 and q?
11
Let c = 3667 - 2086. Calculate the greatest common divisor of 372 and c.
93
Suppose 7*i - 3*s + 1550 = 8*i, 4*i - 3*s - 6170 = 0. What is the highest common divisor of i and 3667?
193
Let z(v) = -v + 19. Let o be z(5). Let h = o + 2. Suppose 5*p + h = 71. What is the highest common factor of p and 1?
1
Let h = -4866 - -4924. Calculate the greatest common factor of h and 638.
58
Let o(u) = 47*u**2 + 192*u + 9. Let d be o(-5). What is the greatest common divisor of d and 256?
32
Let t(i) = -2 + 7*i - 3 + i**2 - 6 + 2*i**2 + 12. Let c be t(-4). What is the greatest common divisor of 33 and c?
3
Let g(z) = 18*z + 326. Let f be g(-18). Let w be 1752/16 - (-1)/f. What is the highest common divisor of w and 66?
22
Suppose 0 = -9*p - 3643 - 1487. Let t = p + 669. Calculate the highest common divisor of 165 and t.
33
Suppose 4*g - w = 104, 4*g - 2*w - 159 = -51. Calculate the greatest common divisor of 845 and g.
5
Let z(a) = 36*a**2 + 83*a - 15. Let d(b) = -17*b**2 - 41*b + 7. Let t(u) = 7*d(u) + 3*z(u). Let s be t(-3). What is the highest common factor of s and 171?
19
Let s be (-61)/(7/1050*-2). Calculate the greatest common factor of 225 and s.
75
Let t = -2896 + 3013. Calculate the highest common factor of 36 and t.
9
Let b be 466 + ((-8)/(-30))/(88/660). What is the highest common divisor of 108 and b?
36
Suppose 65*q = 66*q + 67. Let j = q + 81. Suppose j*h - 3545 = -311. Calculate the greatest common divisor of h and 21.
21
Suppose 11*c + 0*c - 1045 = 0. Suppose -5*d + 6*x = 2*x - c, 0 = -2*d - 4*x + 38. What is the highest common divisor of d and 76?
19
Suppose 3*d + i = 3*i + 2, 4*i = 5*d. Suppose -4*y = -4*q - 348, -2*y = -q + 5*q - 174. Suppose -67 = 2*k - y. What is the highest common factor of k and d?
2
Suppose 4*b = -4*q - 740, 2*b - 3*q = -63 - 312. Let n = 206 + b. What is the greatest common divisor of 20 and n?
20
Suppose 2406*p - 2436*p + 2520 = 0. What is the greatest common factor of 3540 and p?
12
Let n(q) = 2*q**2 + 55*q + 537. Let z be n(-12). What is the greatest common factor of 209 and z?
11
Suppose -510 = -4*p + 2*l, -3*p + 3*l + 486 - 96 = 0. What is the greatest common factor of p and 425?
25
Suppose 3*j = z + 226, 64*z + 136 = 2*j + 67*z. What is the highest common divisor of 1850 and j?
74
Suppose -4*u + 607 = -953. Let j = -286 + u. Calculate the greatest common divisor of j and 91.
13
Let w(v) = -24*v - 27. Suppose 4*s - 4 = -4*n, s = 5*s + 3*n. Let g be w(s). What is the highest common divisor of 225 and g?
45
Let t be (40/50)/((-3)/(-15)*1). Suppose 207 = 3*z + 5*h, -z + t*h = -6*z + 332. Calculate the highest common divisor of 128 and z.
64
Let q = -163 + 176. Suppose q = 4*p + 5, -114 = -o - 3*p. What is the greatest common factor of o and 12?
12
Suppose -6*v + 3*j = -2*v - 24, 4*v - 4*j = 28. Let l = -12 + 16. Suppose -l*x = -5*d + 165, -3*x = 2*x. What is the greatest common divisor of d and v?
3
Suppose 3*j - 2*j + 5*y - 27 = 0, 0 = -4*y - 20. Suppose 88*a + 2090 = 93*a - 2*i, 3*a = 2*i + 1258. What is the greatest common factor of j and a?
52
Let h be 2/7 - (-185)/(-35). Let d be 144/(-1)*(35/h - -3). Suppose -6*l = -14*l + d. Calculate the greatest common divisor of l and 9.
9
Let i(s) = 8*s**2 + 52*s - 19. Let n be i(-7). Suppose 11475 = 32*y - 7*y. Calculate the highest common factor of y and n.
9
Suppose 34*t = 36*t + 3*o - 154, t + 2*o = 76. Suppose -3*z - 3*k + 114 = 0, -4*z - 5*k + 30 = -3*z. Calculate the greatest common factor of t and z.
40
Let j(p) = 3*p**3 - 3*p**2 + 7*p + 1. Let u be j(-5). Let i = -481 - u. Calculate the greatest common divisor of i and 249.
3
Suppose 0 = 3*q + c + 5, 3*q - 4 = -5*c - 5. Let z be (-1*1/q)/(43/2752). What is the greatest common factor of 48 and z?
16
Let n(h) = -29*h + 119. Suppose 0 = -q - 2*p + 8 - 10, -4*q + 4*p + 28 = 0. Let v be n(q). What is the highest common factor of 5 and v?
1
Let z = 92 - 75. Let n = z - -13. Calculate the highest common factor of 75 and n.
15
Let j(y) = 40*y**2 - 1. Let n be j(-1). Suppose 5*d + 4*m - 176 = 843, d = 9*m + 96. What is the highest common factor of n and d?
39
Let m(j) = -j**2 - 16*j + 63. Let y be m(-19). Let t be (-27*1)/(y + 370/(-60)). Let k be 70/4 - (-2)/4. Calculate the highest common factor of k and t.
18
Let s = -1312 + 1444. Calculate the highest common divisor of 2156 and s.
44
Suppose -2*b + 14*b - 144 = 0. Suppose 15 = o - 8*n + b*n, 3*o - 17 = 2*n. Calculate the highest common factor of 392 and o.
7
Suppose 6*x - 446 = -86. Calculate the highest common divisor of 4590 and x.
30
Let z be 159/9 + 0 + 2/6. Let a be (-4)/2*((-1089)/z)/11. Calculate the highest common factor of 33 and a.
11
Let z = -24614 + 24656. What is the greatest common factor of 1834 and z?
14
Let z be 3*((-20)/18)/(13/78). Let k be 4/z - (-101)/5. Let q be (210/(-4))/((-6)/16). What is the highest common factor of k and q?
20
Let w(l) = 17*l**3 - 27*l**2 - 5*l + 22. Let n be w(4). What is the highest common divisor of 196 and n?
14
Let y(s) = -s + 1. Let h be y(-1). Suppose h*g = 14 - 10. Let n be 474/54 + g/9. What is the highest common factor of 45 and n?
9
Let z be 1 - ((-2)/(-5))/((-2)/70). Let f be 9/z + 994/10. Suppose -3*p - p = -2*n - f, 5*p - 125 = -4*n. Calculate the highest common factor of 25 and p.
25
Let x = -162 - -166. Suppose 0 = j + 5*u - 7 - 23, 2*j = -x*u + 72. Let b be (-4 - -2 - -4) + 8. What is the greatest common factor of b and j?
10
Let l(x) = -3*x**3 - 66*x**2 - 23*x - 209. Let h be l(-22). Calculate the greatest common divisor of 143 and h.
11
Suppose 5*x + 5*v + 70 = 0, -x + 4*v - v = 18. Let g be 6 + (-177)/x + (-3)/(-15). Calculate the highest common factor of g and 18.
18
Suppose -69*l - 1320 = -66*l. Let a = l - -451. Calculate the highest common divisor of 66 and a.
11
Let q(d) = d**3 + 8*d**2 - 9*d + 2. Let f be q(-9). Suppose f*a - 5*x - 21 = 0, -33 = -4*a - x + 2*x. Calculate the greatest common factor of a and 224.
8
Let f be 0/(9/((-9)/2)). Suppose -5*r = 4*r. Suppose 5*n - p - 123 = f, r = 3*n - p - 27 - 46. Calculate the highest common factor of 10 and n.
5
Let y(x) = -5*x - 24. Suppose -7*t = -5*t + 3*m + 12, 2*t - 3*m = -12. Let u be y(t). Calculate the highest common divisor of u and 4.
2
Suppose -94 = -3*w + 47. Suppose 2731 = -90*o - 959. Let s = o + w. Calculate the highest common divisor of 3 and s.
3
Suppose 0 = -3*v - c + 327 + 28, 2*v - 238 = -2*c. What is the greatest common factor of 118 and v?
118
Let i = -3854 + 8559. Suppose -q = 4*q + 3*l - i, -3*q + l = -2809. Calculate the highest common factor of 14 and q.
14
Suppose 3*v + 5*u = 97 - 32, -u = 4*v - 64. What is the greatest common divisor of v and 4995?
15
Let t = 55 + -57. Let y be (3 - 7)/(1/t). Let w(h) = 4*h - 20. Let r be w(y). What is the greatest common divisor of r and 18?
6
Suppose 0 = -q - 0 + 50. Let u(h) = -h**3 + 11*h**2 - 6*h - 10. Let y be u(10). Calculate the greatest common divisor of y and q.
10
Suppose -72709 = -122*y + 1955. Suppose 3*k + 5*c - 2 = 0, c + 4*c + 25 = 0. What is the highest common divisor of y and k?
9
Let b(k) = 126*k**3 - 9*k**2 + 35*k - 33. Let g be b(3). Calculate the greatest common divisor of g and 117.
117
Let b = -9032 + 9342. Calculate the highest common divisor of 26 and b.
2
Let v = 374 - 183. Let r = v - 135. Suppose -9*q = 9*q - 252. What is the greatest common factor of r and q?
14
Suppose -44*w + 42*w = -5*q - 134, 0 = w - 4*q - 64. Let b be (0/(0 + -5) - 2)*-32. Calculate the greatest common divisor of w and b.
8
Suppose -61*u - 480 = -62*u. Suppose u = 25*z - 17*z. Suppose -4*c + 2*c = -60. Calculate the highest common factor of c and z.
30
Let n be 2/4*(20 - (-39 + 23)). Let z = -41 + 77. Let y be z*-3*(-6)/9. What is the greatest common factor of n and y?
18
Let a be (-1358)/((-78)/(-16) + -5). Calculate the greatest common divisor of 224 and a.
112
Let r(a) = 73*a**2 - 11*a - 37. Let i be r(-4). Calculate the greatest common factor of i and 1504.
47
Let q(w) = w**3 - 47*w**2 - 94*w - 44. Let n(a) = -a**3 - 21*a**2 + 42*a - 43. L